ded by 9?
2
What is the remainder when 885 is divided by 9?
3
Calculate the remainder when 335 is divided by 157.
21
What is the remainder when 1831 is divided by 132?
115
Calculate the remainder when 353 is divided by 107.
32
What is the remainder when 348 is divided by 91?
75
What is the remainder when 395 is divided by 99?
98
What is the remainder when 7998 is divided by 80?
78
What is the remainder when 3189 is divided by 21?
18
Calculate the remainder when 569 is divided by 77.
30
What is the remainder when 1323 is divided by 39?
36
Calculate the remainder when 22474 is divided by 169.
166
What is the remainder when 5256 is divided by 49?
13
Calculate the remainder when 625 is divided by 13.
1
What is the remainder when 2624 is divided by 101?
99
Calculate the remainder when 737 is divided by 145.
12
Calculate the remainder when 429 is divided by 17.
4
Calculate the remainder when 1975 is divided by 4.
3
Calculate the remainder when 244 is divided by 51.
40
What is the remainder when 200 is divided by 7?
4
Calculate the remainder when 2424 is divided by 268.
12
Calculate the remainder when 946 is divided by 450.
46
What is the remainder when 541 is divided by 7?
2
Calculate the remainder when 2613 is divided by 154.
149
Calculate the remainder when 3306 is divided by 3.
0
Calculate the remainder when 1034 is divided by 20.
14
What is the remainder when 31 is divided by 30?
1
Calculate the remainder when 107 is divided by 27.
26
Calculate the remainder when 379 is divided by 177.
25
What is the remainder when 1088 is divided by 21?
17
What is the remainder when 5854 is divided by 20?
14
What is the remainder when 154 is divided by 18?
10
Calculate the remainder when 85 is divided by 57.
28
What is the remainder when 1004 is divided by 42?
38
Calculate the remainder when 655 is divided by 47.
44
What is the remainder when 200 is divided by 42?
32
What is the remainder when 407 is divided by 56?
15
Calculate the remainder when 88 is divided by 23.
19
What is the remainder when 146 is divided by 37?
35
What is the remainder when 719 is divided by 40?
39
Calculate the remainder when 4145 is divided by 61.
58
What is the remainder when 120 is divided by 73?
47
Calculate the remainder when 284 is divided by 58.
52
Calculate the remainder when 172 is divided by 162.
10
Calculate the remainder when 643 is divided by 39.
19
What is the remainder when 383 is divided by 12?
11
What is the remainder when 4215 is divided by 114?
111
Calculate the remainder when 979 is divided by 139.
6
Calculate the remainder when 7180 is divided by 171.
169
What is the remainder when 327 is divided by 41?
40
What is the remainder when 170 is divided by 4?
2
Calculate the remainder when 201 is divided by 127.
74
Calculate the remainder when 76 is divided by 28.
20
What is the remainder when 288 is divided by 195?
93
Calculate the remainder when 215 is divided by 29.
12
Calculate the remainder when 53 is divided by 29.
24
Calculate the remainder when 1624 is divided by 200.
24
What is the remainder when 692 is divided by 248?
196
What is the remainder when 1846 is divided by 302?
34
Calculate the remainder when 99 is divided by 49.
1
Calculate the remainder when 4055 is divided by 41.
37
What is the remainder when 129 is divided by 46?
37
What is the remainder when 54 is divided by 7?
5
What is the remainder when 545 is divided by 10?
5
What is the remainder when 731 is divided by 31?
18
What is the remainder when 1267 is divided by 212?
207
Calculate the remainder when 19157 is divided by 186.
185
Calculate the remainder when 570 is divided by 30.
0
Calculate the remainder when 314 is divided by 77.
6
Calculate the remainder when 200 is divided by 76.
48
What is the remainder when 518 is divided by 65?
63
What is the remainder when 2279 is divided by 759?
2
Calculate the remainder when 30 is divided by 13.
4
Calculate the remainder when 872 is divided by 68.
56
Calculate the remainder when 3251 is divided by 7.
3
Calculate the remainder when 498 is divided by 10.
8
What is the remainder when 2664 is divided by 26?
12
Calculate the remainder when 116 is divided by 35.
11
Calculate the remainder when 9499 is divided by 29.
16
What is the remainder when 907 is divided by 58?
37
What is the remainder when 268 is divided by 96?
76
Calculate the remainder when 170 is divided by 98.
72
Calculate the remainder when 352 is divided by 198.
154
Calculate the remainder when 273 is divided by 41.
27
What is the remainder when 3098 is divided by 1028?
14
What is the remainder when 45 is divided by 31?
14
What is the remainder when 740 is divided by 39?
38
Calculate the remainder when 4437 is divided by 30.
27
Calculate the remainder when 2850 is divided by 45.
15
What is the remainder when 39 is divided by 19?
1
Calculate the remainder when 1547 is divided by 18.
17
What is the remainder when 463 is divided by 68?
55
What is the remainder when 283 is divided by 24?
19
Calculate the remainder when 527 is divided by 48.
47
What is the remainder when 66 is divided by 12?
6
What is the remainder when 505 is divided by 17?
12
What is the remainder when 940 is divided by 7?
2
Calculate the remainder when 638 is divided by 40.
38
What is the remainder when 218 is divided by 107?
4
What is the remainder when 1655 is divided by 23?
22
Calculate the remainder when 199 is divided by 62.
13
Calculate the remainder when 100 is divided by 26.
22
What is the remainder when 411 is divided by 32?
27
Calculate the remainder when 1244 is divided by 244.
24
What is the remainder when 6842 is divided by 32?
26
What is the remainder when 84 is divided by 18?
12
Calculate the remainder when 49 is divided by 34.
15
What is the remainder when 105 is divided by 16?
9
Calculate the remainder when 66 is divided by 34.
32
Calculate the remainder when 2447 is divided by 129.
125
What is the remainder when 67 is divided by 65?
2
Calculate the remainder when 159 is divided by 7.
5
What is the remainder when 753 is divided by 6?
3
What is the remainder when 31 is divided by 6?
1
Calculate the remainder when 166 is divided by 9.
4
Calculate the remainder when 423 is divided by 73.
58
What is the remainder when 44 is divided by 12?
8
What is the remainder when 60 is divided by 15?
0
Calculate the remainder when 781 is divided by 31.
6
Calculate the remainder when 144 is divided by 21.
18
Calculate the remainder when 483 is divided by 141.
60
What is the remainder when 60 is divided by 39?
21
What is the remainder when 302 is divided by 302?
0
What is the remainder when 3310 is divided by 69?
67
What is the remainder when 364 is divided by 115?
19
What is the remainder when 1595 is divided by 28?
27
What is the remainder when 983 is divided by 3?
2
Calculate the remainder when 236 is divided by 17.
15
Calculate the remainder when 23 is divided by 1.
0
What is the remainder when 385 is divided by 116?
37
Calculate the remainder when 594 is divided by 177.
63
Calculate the remainder when 1428 is divided by 9.
6
What is the remainder when 700 is divided by 78?
76
What is the remainder when 113 is divided by 59?
54
Calculate the remainder when 175 is divided by 44.
43
Calculate the remainder when 84 is divided by 21.
0
Calculate the remainder when 336 is divided by 57.
51
Calculate the remainder when 3780 is divided by 172.
168
What is the remainder when 239 is divided by 174?
65
What is the remainder when 548 is divided by 25?
23
Calculate the remainder when 146 is divided by 10.
6
What is the remainder when 2248 is divided by 225?
223
Calculate the remainder when 194 is divided by 18.
14
What is the remainder when 78 is divided by 25?
3
Calculate the remainder when 5741 is divided by 5.
1
Calculate the remainder when 2049 is divided by 675.
24
What is the remainder when 664 is divided by 80?
24
What is the remainder when 14758 is divided by 60?
58
Calculate the remainder when 237 is divided by 10.
7
What is the remainder when 230 is divided by 48?
38
Calculate the remainder when 633 is divided by 29.
24
What is the remainder when 483 is divided by 63?
42
Calculate the remainder when 2296 is divided by 49.
42
What is the remainder when 507 is divided by 165?
12
What is the remainder when 24 is divided by 11?
2
Calcu